e the first derivative of a**3/3 + a**2/2 - 3. Let b(x) = -f(x) + 2*p(x). Give b(v).
-8
Let n = -11 - -13. Let t(l) = 1 - l + 1 - 3 + n. Give t(-2).
3
Let i(q) = 2*q**3 + 2*q - 3. Let m(h) = -h**3 - 2*h + 2. Let x(k) = -3*i(k) - 4*m(k). Give x(-1).
1
Let s(c) be the first derivative of -c**4/4 - 5*c**3/3 - 3*c**2/2 - c - 1. Let n(w) = -3*w - 13. Let o be n(-6). Suppose o*h + 23 = 3. Determine s(h).
-5
Let j(g) = -5*g + 20. Let p(q) = 3*q - 13. Let o(i) = 5*j(i) + 8*p(i). What is o(-5)?
1
Let f(w) = -w - 25. Let j be f(0). Let g be (-2)/(-10) - 95/j. Suppose i - 15 = g*c, 0 = -i - c - 1 - 9. Let d(p) = -p - 7. Determine d(i).
-2
Let o(k) = k**3 + 5*k - 2 - 4*k**2 + k**3 - 3*k**3 - 1. Calculate o(-5).
-3
Let n(j) = j**2 - j. Let h(q) be the third derivative of -q**5/60 + 5*q**4/24 + q**3/2 + q**2. Let w(t) = -h(t) - 3*n(t). What is w(-2)?
-7
Let t(l) = -7*l**2 - l**3 + 3 - 169*l - 2 + 171*l. What is t(-7)?
-13
Suppose 3*h = 4*h - 2. Let y(n) = 3*n**3 - 1 + 4*n**2 - h*n**3 - 2*n**3. Give y(4).
-1
Let x(s) = -3*s - 1. Let a(i) = i + 2. Let y be a(4). Give x(y).
-19
Let p(f) = f**3 - 2*f**2 - 3*f + 2. Let u be -1 + (1 - (5 - 1)). Let x = u - -6. Determine p(x).
-4
Let c(i) = -5*i**2 + 2*i - 6. Let o(g) = 4*g**2 - g + 5. Let n(z) = 3*c(z) + 4*o(z). Let y(l) = -l**3 - l - 1. Let b(p) = -n(p) - y(p). Determine b(-2).
-11
Let i(v) = v**3 + 2*v**2. Let k = -2 - -5. Suppose k*j - 5*j - 40 = 0. Let x be (-6)/(-4)*j/15. Calculate i(x).
0
Let i = -3 - -2. Let d(u) = -4*u**3 + 2*u**2 - 1. What is d(i)?
5
Let l(x) = -x**2 + 10*x - 5. Suppose 2*q + 5*c - 23 = 8, c = -4*q + 35. Calculate l(q).
11
Let l(g) = -1. Let s(x) = 7*x**2 + 2*x - 3. Let p(u) = 4*l(u) - s(u). Let y be p(-1). Let q(k) = k**2 + 8*k - 1. Determine q(y).
-13
Let p be 9/11 + 8/44. Let i(k) = -k. Let q be i(p). Let u(x) = 7*x**2 - 7*x - 5. Let l(o) = -3*o**2 + 3*o + 2. Let n(t) = -5*l(t) - 2*u(t). Determine n(q).
2
Let u be ((-20)/(-12) + 2/(-3))*-5. Let v(g) = g**2 + 2*g - 1. Determine v(u).
14
Let n(k) = 18*k + 15. Let w(d) = d + 1. Let q(t) = -3*n(t) + 45*w(t). Calculate q(1).
-9
Let d(l) = l - 5. Let v be d(6). Let i(w) be the second derivative of w**4/6 - w**3/6 + w**2/2 + 5*w. What is i(v)?
2
Let g(h) be the second derivative of h**5/120 - h**4/12 + h**3/3 - 2*h. Let x(s) be the second derivative of g(s). Let j = 20 + -18. Determine x(j).
0
Let a(y) = -y**3 + 8*y**2 + 9*y + 3. Let w(i) = 2*i**3 - 15*i**2 - 17*i - 5. Let j(k) = -5*a(k) - 3*w(k). Calculate j(6).
0
Let f = 1 + 1. Let o(v) be the first derivative of 0*v**2 - 3*v + 1/3*v**3 - f. What is o(3)?
6
Let c(i) = -3*i - 1. Let d = 12 - 11. Suppose 2*v - 3 = -d. Determine c(v).
-4
Let h(f) = -f + 5. Let x(o) = -5*o - 6. Let r(b) = 3*b + 4. Let u(m) = -8*r(m) - 5*x(m). Let p be u(2). Suppose p = y + 3*y. What is h(y)?
5
Let v(c) = -3*c + 1. Suppose 7 = -y - 3*m, 0*y = -y + m + 1. Let p be v(y). Let x(w) = -w**3 + 4*w**2 - w - 2. Give x(p).
-6
Let f(d) be the first derivative of d**2/2 + d - 23. Determine f(6).
7
Let v(i) = -i**3 - 2*i + 2. Suppose 4 = -0*r + 2*r. Give v(r).
-10
Let d be 22/8 - 9/12. Suppose -2*s - 4 = d. Let i(h) = 3*h - 3. Determine i(s).
-12
Let u(v) = v**3 - 3*v**2 - 2*v**2 - 4 - 2*v**2 + 2*v**2. Give u(5).
-4
Let j(i) be the first derivative of -1 + 7/2*i**2 - 2*i**3 - 3*i + 1/4*i**4. Calculate j(5).
7
Let u(k) = k**3 + 3*k**2 - 1. Let m be u(-2). Suppose 0 = -j + g, -m*j + 0*g = 3*g. Let f(z) = -z - 2. What is f(j)?
-2
Let k(l) = -14*l**3 + l + 3 + 4*l**3 + 9*l**3 - 4*l**2. What is k(-4)?
-1
Let x = -4/79 - -175/1896. Let z(b) be the third derivative of -2/15*b**5 - x*b**4 + 0*b**3 - b**2 + 0 + 0*b. Calculate z(1).
-9
Let k(f) = f**2 + 4*f + 2. Suppose 2*x - 3*d = -5*d - 14, 12 = -4*d. Calculate k(x).
2
Let f(a) = 11*a**3 - 7*a**2 + 7*a. Let t(i) be the first derivative of -5*i**4/2 + 2*i**3 - 3*i**2 + 2. Let w(u) = 5*f(u) + 6*t(u). What is w(1)?
-5
Let y(d) = -11*d**3 + 16*d**3 + 4*d**2 - 3 - 6*d**3. What is y(3)?
6
Let c(o) be the second derivative of -o**5/20 + o**4/6 - o**3/2 + 8*o. Suppose -4 = -l - 3*l. Suppose 5*i - 11 = -l. Determine c(i).
-6
Let a be -2*(42/(-12))/(-7). Let d(c) = -c**2. What is d(a)?
-1
Suppose 3*n = -n + 12. Let c(l) = -6*l + n + 2*l + 10. Let w(v) = -2*v + 7. Let q(h) = 4*c(h) - 7*w(h). What is q(2)?
-1
Let i be (1 + -7)*95/(-114). Let b(v) = -1 - 6*v + 3 - v**3 + 6*v**2 + 4. Determine b(i).
1
Let p(a) be the second derivative of -a**5/5 - a**3/6 + a**2/2 - 2*a. Let q = 153 + -152. Give p(q).
-4
Let t(h) = h**3 + 6*h**2 - 5. Let r be t(-6). Let y(q) = q**2 + 2*q - 6. What is y(r)?
9
Let y = -7 - -7. Let o(h) = y + 0 + 3 + 3 - 2*h. What is o(5)?
-4
Let x(p) = -7 + 4 - 4*p + p**2 - 3*p**2 + p**2. Determine x(-4).
-3
Let y(i) be the first derivative of -17*i**3/3 - i**2 - i + 8. Determine y(-1).
-16
Let z(t) = -t. Let y be z(-6). Let a(f) = -4*f - y + 8*f - 7*f. Let x(n) = -n**3 + 7*n**2 + 7*n + 4. Let k be x(8). What is a(k)?
6
Suppose 2*p = p. Suppose 8 = 3*s + 2*g, 4*s - 3*g + p*g = -12. Let d(c) = c**2 + 2*c**2 - 2*c**2 - 9 - c + c**3. Give d(s).
-9
Let i(j) = -2*j**2 + 8*j - 3. Let p(n) = 2*n - 4. Let x(b) = 5*b - 9. Let y(g) = -7*p(g) + 3*x(g). Let l(z) = -i(z) + y(z). Determine l(4).
8
Let q(y) = -5*y + 0*y**2 - y**2 - 2 - 1. What is q(-4)?
1
Let k be ((-5)/2)/((-1)/2). Let r(t) = -k + 8*t + t + 0*t**3 - 3*t + 8*t**2 + t**3. Give r(-7).
2
Let o = -53 - -54. Let f(r) be the first derivative of -1/2*r**2 + o + r. Give f(3).
-2
Let g = 0 + 2. Let u(i) = 0*i + g - i - i. Let w = 5 + -3. Determine u(w).
-2
Let u(j) = j**2 - 3*j - 7. Let v = -9 - -7. Let n(z) = -3*z - 1. Let p be n(v). Give u(p).
3
Let l(t) = -t + 4. Let z(y) = -3*y + 8. Let d(o) = -5*l(o) + 2*z(o). Let u = 55 + -27. Suppose -u + 3 = 5*b. Give d(b).
1
Let r(h) = h. Suppose -2*l = 5 - 1. Let c be r(l). Let g(k) = -3*k**2 + 2*k + k**3 - 2 + 4*k**2 - k**2 + 4*k**2. Determine g(c).
2
Let i(c) = -c**2 - 4*c + c - c + 5 - 2*c**3. Let k(d) = d**3 + d. Let h(q) = -i(q) - 3*k(q). Determine h(0).
-5
Let y be ((-4)/(-6))/((-4)/(-96)*2). Let i(k) = k**2 - 7*k - 5. Give i(y).
3
Suppose 7 = 2*i + 3*x + 2*x, 0 = 3*i - 4*x - 22. Let p be (-18 + i)/(-1 - 1). Let s(v) = -3 + 2 - v**2 + p*v**2 + v**2 - 2*v. Determine s(-1).
7
Let f(y) = -y**2 - 6*y - 4. Let s(w) = -4*w**2 - 3*w - 2. Let m(b) = 3*b**2 + 4*b + 3. Let u(z) = 3*m(z) + 2*s(z). Let x(n) = 5*f(n) + 4*u(n). Calculate x(-6).
0
Let h(j) = j. Let c(v) = -v - 5. Let t(g) = c(g) + 2*h(g). Determine t(6).
1
Let j(v) = v + 0*v**2 - 3 + v**2 + v. Let x(a) = a**2 - 9*a + 10. Let o be x(8). Give j(o).
5
Let t(d) = d**3 + 4*d**2 - 4*d + 3. Let n be -2 + 1 + -5 + (-8 - -9). Determine t(n).
-2
Let q(i) = -i**3 - 5*i**2 - 7*i - 6. Let t(s) = -s**3 + 10*s**2 - 8*s - 13. Let o be t(9). Calculate q(o).
6
Let c(q) be the third derivative of -q**5/120 + q**4/4 - q**3/3 - 3*q**2. Let k(a) be the first derivative of c(a). Determine k(4).
2
Let g(x) = 4 - x + 5*x**3 + 1 + 9*x - x**2 - 7. Let w(l) = 4*l**3 - 2*l**2 + 7*l - 2. Suppose u + 4 = 2*u. Let i(d) = u*w(d) - 3*g(d). Calculate i(2).
-6
Let i(f) be the first derivative of 2*f**2 - 3 + 2/3*f**3 + 4*f. Give i(-3).
10
Let z(b) be the first derivative of -b**3/3 + 5*b**2/2 - 6*b + 1. Calculate z(6).
-12
Let b(h) = h - 9 - 8*h**2 + 1 - h**3 + 9. Calculate b(-8).
-7
Let d(y) = 5*y + 0*y - 3 + 2*y + y**2. Determine d(-8).
5
Let b(r) be the first derivative of r**5/20 - 5*r**4/12 + r**3/2 + r**2 + r + 4. Let w(k) be the first derivative of b(k). Give w(4).
-2
Let h(c) = 4 - 19*c**2 + 7*c + 20*c**2 + c. What is h(-8)?
4
Let u(k) = 6*k + 20. Let p(d) = d + 4. Let s(m) = -16*p(m) + 3*u(m). Give s(7).
10
Let m(r) = -12*r**2. Let f be ((-8)/(-6))/(1/(-6)). Suppose -2*b + 4*b - 18 = 0. Let n = f + b. Calculate m(n).
-12
Suppose 0 = 2*j - 0*j + 3*y + 1, -5*y = 15. Let d(i) = i**2 - 3*i + 2. Let p(u) = 3*u**2 - 9*u + 7. Let b(a) = -8*d(a) + 3*p(a). Calculate b(j).
9
Let k be (-44)/(-16) + 3/(-4). Let v(y) = 3*y**2 - 1 + y - y**2 - 3*y**3 + k*y**3. Give v(2).
1
Let w(y) = y**2 - 2*y - 2. Let g be 2/(64/(-80)*(-2)/4). Determine w(g).
13
Let s(h) be the first derivative of -h**2/2 + 2*h - 15. Determine s(6).
-4
Let v be (-7)/(21/(-12)) + -2. Let q(l) = 2*l**2 - 3*l + 1. Let b be q(v). Let j(d) = 2*d**2 - 3*d + 2. Calculate j(b).
11
Let m be (-9)/(-6)*(-4)/(-3). 